{"id":73,"date":"2014-11-20T09:13:59","date_gmt":"2014-11-20T07:13:59","guid":{"rendered":"https:\/\/chlaus.grill-phil.ch\/?page_id=73"},"modified":"2024-10-10T17:00:35","modified_gmt":"2024-10-10T15:00:35","slug":"phil-dae-chlaus","status":"publish","type":"page","link":"https:\/\/chlaus.grill-phil.ch\/?page_id=73","title":{"rendered":"D\u00e4 Horgebergler Chlaus&#8230;"},"content":{"rendered":"\n<figure class=\"wp-block-gallery has-nested-images columns-default is-cropped wp-block-gallery-1 is-layout-flex wp-block-gallery-is-layout-flex\">\n<figure class=\"wp-block-image size-large\"><img loading=\"lazy\" decoding=\"async\" width=\"987\" height=\"1024\" data-id=\"471\" src=\"https:\/\/chlaus.grill-phil.ch\/wp-content\/uploads\/2021\/12\/Chlaus-1-1-e1639153574563-987x1024.jpg\" alt=\"\" class=\"wp-image-471\" srcset=\"https:\/\/chlaus.grill-phil.ch\/wp-content\/uploads\/2021\/12\/Chlaus-1-1-e1639153574563-987x1024.jpg 987w, https:\/\/chlaus.grill-phil.ch\/wp-content\/uploads\/2021\/12\/Chlaus-1-1-e1639153574563-289x300.jpg 289w, https:\/\/chlaus.grill-phil.ch\/wp-content\/uploads\/2021\/12\/Chlaus-1-1-e1639153574563-768x797.jpg 768w, https:\/\/chlaus.grill-phil.ch\/wp-content\/uploads\/2021\/12\/Chlaus-1-1-e1639153574563-1481x1536.jpg 1481w, https:\/\/chlaus.grill-phil.ch\/wp-content\/uploads\/2021\/12\/Chlaus-1-1-e1639153574563.jpg 1495w\" sizes=\"auto, (max-width: 767px) 89vw, (max-width: 1000px) 54vw, (max-width: 1071px) 543px, 580px\" \/><\/figure>\n\n\n\n<figure class=\"wp-block-image size-large\"><img loading=\"lazy\" decoding=\"async\" width=\"768\" height=\"1024\" data-id=\"416\" src=\"https:\/\/chlaus.grill-phil.ch\/wp-content\/uploads\/2020\/10\/Phil-Cremer-768x1024.jpg\" alt=\"\" class=\"wp-image-416\" srcset=\"https:\/\/chlaus.grill-phil.ch\/wp-content\/uploads\/2020\/10\/Phil-Cremer-768x1024.jpg 768w, https:\/\/chlaus.grill-phil.ch\/wp-content\/uploads\/2020\/10\/Phil-Cremer-225x300.jpg 225w, https:\/\/chlaus.grill-phil.ch\/wp-content\/uploads\/2020\/10\/Phil-Cremer-1152x1536.jpg 1152w, https:\/\/chlaus.grill-phil.ch\/wp-content\/uploads\/2020\/10\/Phil-Cremer-1536x2048.jpg 1536w, https:\/\/chlaus.grill-phil.ch\/wp-content\/uploads\/2020\/10\/Phil-Cremer-scaled.jpg 1920w\" sizes=\"auto, (max-width: 767px) 89vw, (max-width: 1000px) 54vw, (max-width: 1071px) 543px, 580px\" \/><\/figure>\n<figcaption class=\"blocks-gallery-caption wp-element-caption\">Eimal mit&#8230; und eimal ohni (Chlaus)Bart&#8230;! <\/figcaption><\/figure>\n\n\n<p>Zu minere Person:<\/p>\n<p>Min Name isch Phil Cremer und ich bin uf em Horgeberg dihei. \u00a0Als Chlaus bin ich scho \u00fcber 30 Jahr mit grosser Liid\u00e4schaft underw\u00e4gs&#8230;<\/p>\n<p>Fr\u00fcehner mal da, mal d\u00f6t f\u00fcr en Verein&#8230; d\u00e4n immer meh f\u00fcr d&#8217;Chind vo Fr\u00fcnd\u00e4 und irgendw\u00e4n h\u00e4ts sich um\u00e4gsproch\u00e4 so das ich siit em 2010 im gr\u00f6ssere Stil underw\u00e4gs bin.\u00a0<\/p>\n<p>Mir isch es sehr wichtig, das ich als Samichlaus i minere Chlauschutt\u00e4 (kein Bischof) bi d\u00e4 Chind gueti Erinnerig\u00e4 hinderlahne&#8230;<\/p>\n<p>Ich leg\u00e4 sehr viel Wert druf, das d&#8217;Figur Chlaus ziit- und altersgerecht \u00fcberechunnt. D&#8217;Chind\u00a0s\u00f6lled so lang an Chlaus d\u00f6rf\u00e4 glaub\u00e4 wies f\u00fcr sie stimmt und wenn ich \u00f6pis dezue chan biitr\u00e4ge das die Chinderaug\u00e4 gl\u00e4nzed, d\u00e4n freut mich das umso meh.<\/p>\n<p>Ich han mir vorgna, solang na d\u00e4 Chlaus z&#8217;mache wien ich Spass han und guete Feedback bechume&#8230; drum nimm ich mir f\u00fcr jede Bsuech au gnueg Ziit zum mich vorbereite, im Gegenzug w\u00fcnsch ich mir, dass ihr eui au Ziit n\u00e4med f\u00fcr d&#8217;Notize und d&#8217;Bemerkig\u00e4\/W\u00fcnsch, wi\u00e4 d\u00e4 Chlausbsuech s\u00f6ll ablaufe&#8230;<\/p>\n<p>So&#8230; gnueg vo mir, ich freu mich scho druf wenns heisst:<\/p>\n<p>\u00a0 \u00a0 \u00a0 \u00a0 \u00a0 \u00a0 \u00a0 \u00a0 \u00a0 \u00a0 \u00a0 \u00a0 \u00a0 \u00a0 \u00a0 \u00a0 \u00a0<strong>D\u00e4 Chlaus chunnd&#8230; au zu Dir!<\/strong><\/p>\n<p>Chlausigi Gr\u00fcess<\/p>\n<p>Chlaus Phil<\/p>","protected":false},"excerpt":{"rendered":"<p>Zu minere Person: Min Name isch Phil Cremer und ich bin uf em Horgeberg dihei. \u00a0Als Chlaus bin ich scho \u00fcber 30 Jahr mit grosser Liid\u00e4schaft underw\u00e4gs&#8230; Fr\u00fcehner mal da, mal d\u00f6t f\u00fcr en Verein&#8230; d\u00e4n immer meh f\u00fcr d&#8217;Chind vo Fr\u00fcnd\u00e4 und irgendw\u00e4n h\u00e4ts sich um\u00e4gsproch\u00e4 so das ich siit em 2010 im gr\u00f6ssere &hellip; <\/p>\n<p class=\"link-more\"><a href=\"https:\/\/chlaus.grill-phil.ch\/?page_id=73\" class=\"more-link\"><span class=\"screen-reader-text\">\u201eD\u00e4 Horgebergler Chlaus&#8230;\u201c<\/span> weiterlesen<\/a><\/p>\n","protected":false},"author":1,"featured_media":0,"parent":0,"menu_order":0,"comment_status":"closed","ping_status":"closed","template":"","meta":{"footnotes":""},"class_list":["post-73","page","type-page","status-publish","hentry"],"colors":{"color":"a59e8f","contrast":"0,0,0","custom":false},"jetpack_sharing_enabled":true,"_links":{"self":[{"href":"https:\/\/chlaus.grill-phil.ch\/index.php?rest_route=\/wp\/v2\/pages\/73","targetHints":{"allow":["GET"]}}],"collection":[{"href":"https:\/\/chlaus.grill-phil.ch\/index.php?rest_route=\/wp\/v2\/pages"}],"about":[{"href":"https:\/\/chlaus.grill-phil.ch\/index.php?rest_route=\/wp\/v2\/types\/page"}],"author":[{"embeddable":true,"href":"https:\/\/chlaus.grill-phil.ch\/index.php?rest_route=\/wp\/v2\/users\/1"}],"replies":[{"embeddable":true,"href":"https:\/\/chlaus.grill-phil.ch\/index.php?rest_route=%2Fwp%2Fv2%2Fcomments&post=73"}],"version-history":[{"count":11,"href":"https:\/\/chlaus.grill-phil.ch\/index.php?rest_route=\/wp\/v2\/pages\/73\/revisions"}],"predecessor-version":[{"id":594,"href":"https:\/\/chlaus.grill-phil.ch\/index.php?rest_route=\/wp\/v2\/pages\/73\/revisions\/594"}],"wp:attachment":[{"href":"https:\/\/chlaus.grill-phil.ch\/index.php?rest_route=%2Fwp%2Fv2%2Fmedia&parent=73"}],"curies":[{"name":"wp","href":"https:\/\/api.w.org\/{rel}","templated":true}]}}

Dä Horgebergler Chlaus&#8230;

<figure class="wp-block-gallery has-nested-images columns-default is-cropped wp-block-gallery-1 is-layout-flex wp-block-gallery-is-layout-flex">
<figure class="wp-block-image size-large"><img loading="lazy" decoding="async" width="987" height="1024" data-id="471" src="https://chlaus.grill-phil.ch/wp-content/uploads/2021/12/Chlaus-1-1-e1639153574563-987x1024.jpg" alt="" class="wp-image-471" srcset="https://chlaus.grill-phil.ch/wp-content/uploads/2021/12/Chlaus-1-1-e1639153574563-987x1024.jpg 987w, https://chlaus.grill-phil.ch/wp-content/uploads/2021/12/Chlaus-1-1-e1639153574563-289x300.jpg 289w, https://chlaus.grill-phil.ch/wp-content/uploads/2021/12/Chlaus-1-1-e1639153574563-768x797.jpg 768w, https://chlaus.grill-phil.ch/wp-content/uploads/2021/12/Chlaus-1-1-e1639153574563-1481x1536.jpg 1481w, https://chlaus.grill-phil.ch/wp-content/uploads/2021/12/Chlaus-1-1-e1639153574563.jpg 1495w" sizes="auto, (max-width: 767px) 89vw, (max-width: 1000px) 54vw, (max-width: 1071px) 543px, 580px" /></figure>



<figure class="wp-block-image size-large"><img loading="lazy" decoding="async" width="768" height="1024" data-id="416" src="https://chlaus.grill-phil.ch/wp-content/uploads/2020/10/Phil-Cremer-768x1024.jpg" alt="" class="wp-image-416" srcset="https://chlaus.grill-phil.ch/wp-content/uploads/2020/10/Phil-Cremer-768x1024.jpg 768w, https://chlaus.grill-phil.ch/wp-content/uploads/2020/10/Phil-Cremer-225x300.jpg 225w, https://chlaus.grill-phil.ch/wp-content/uploads/2020/10/Phil-Cremer-1152x1536.jpg 1152w, https://chlaus.grill-phil.ch/wp-content/uploads/2020/10/Phil-Cremer-1536x2048.jpg 1536w, https://chlaus.grill-phil.ch/wp-content/uploads/2020/10/Phil-Cremer-scaled.jpg 1920w" sizes="auto, (max-width: 767px) 89vw, (max-width: 1000px) 54vw, (max-width: 1071px) 543px, 580px" /></figure>
<figcaption class="blocks-gallery-caption wp-element-caption">Eimal mit&#8230; und eimal ohni (Chlaus)Bart&#8230;! </figcaption></figure>


<p>Zu minere Person:</p>
<p>Min Name isch Phil Cremer und ich bin uf em Horgeberg dihei.  Als Chlaus bin ich scho über 30 Jahr mit grosser Liidäschaft underwägs&#8230;</p>
<p>Früehner mal da, mal döt für en Verein&#8230; dän immer meh für d&#8217;Chind vo Fründä und irgendwän häts sich umägsprochä so das ich siit em 2010 im grössere Stil underwägs bin. </p>
<p>Mir isch es sehr wichtig, das ich als Samichlaus i minere Chlauschuttä (kein Bischof) bi dä Chind gueti Erinnerigä hinderlahne&#8230;</p>
<p>Ich legä sehr viel Wert druf, das d&#8217;Figur Chlaus ziit- und altersgerecht überechunnt. D&#8217;Chind sölled so lang an Chlaus dörfä glaubä wies für sie stimmt und wenn ich öpis dezue chan biiträge das die Chinderaugä glänzed, dän freut mich das umso meh.</p>
<p>Ich han mir vorgna, solang na dä Chlaus z&#8217;mache wien ich Spass han und guete Feedback bechume&#8230; drum nimm ich mir für jede Bsuech au gnueg Ziit zum mich vorbereite, im Gegenzug wünsch ich mir, dass ihr eui au Ziit nämed für d&#8217;Notize und d&#8217;Bemerkigä/Wünsch, wiä dä Chlausbsuech söll ablaufe&#8230;</p>
<p>So&#8230; gnueg vo mir, ich freu mich scho druf wenns heisst:</p>
<p>                                 <strong>Dä Chlaus chunnd&#8230; au zu Dir!</strong></p>
<p>Chlausigi Grüess</p>
<p>Chlaus Phil</p>

<p>Zu minere Person: Min Name isch Phil Cremer und ich bin uf em Horgeberg dihei.  Als Chlaus bin ich scho über 30 Jahr mit grosser Liidäschaft underwägs&#8230; Früehner mal da, mal döt für en Verein&#8230; dän immer meh für d&#8217;Chind vo Fründä und irgendwän häts sich umägsprochä so das ich siit em 2010 im grössere &hellip; </p>
<p class="link-more"><a href="https://chlaus.grill-phil.ch/?page_id=73" class="more-link"><span class="screen-reader-text">„Dä Horgebergler Chlaus&#8230;“</span> weiterlesen</a></p>
