{"id":418,"date":"2020-10-16T17:23:47","date_gmt":"2020-10-16T15:23:47","guid":{"rendered":"https:\/\/chlaus.grill-phil.ch\/?page_id=418"},"modified":"2020-10-16T17:33:13","modified_gmt":"2020-10-16T15:33:13","slug":"besuchsformular","status":"publish","type":"page","link":"https:\/\/chlaus.grill-phil.ch\/?page_id=418","title":{"rendered":"Bsuechsblatt"},"content":{"rendered":"\n<p>Damit ich min Bsuech optimal vorbereit\u00e4 chan, w\u00e4r ich froh, wenn Du mir s&#8217;usgf\u00fcllt\u00e4 Bsuechsblatt w\u00fcrdisch maile&#8230;<\/p>\n\n\n\n<p>sami-chlaus@bluewin.ch<\/p>\n\n\n\n<p>Bescht\u00e4 Dank!<\/p>\n\n\n\n<div class=\"wp-block-file\"><a href=\"https:\/\/chlaus.grill-phil.ch\/wp-content\/uploads\/2020\/10\/Chlaus-Besuchsblatt.pdf\">Chlaus-Bsuechsblatt<\/a><a href=\"https:\/\/chlaus.grill-phil.ch\/wp-content\/uploads\/2020\/10\/Chlaus-Besuchsblatt.pdf\" class=\"wp-block-file__button\" download>Herunterladen<\/a><\/div>\n","protected":false},"excerpt":{"rendered":"<p>Damit ich min Bsuech optimal vorbereit\u00e4 chan, w\u00e4r ich froh, wenn Du mir s&#8217;usgf\u00fcllt\u00e4 Bsuechsblatt w\u00fcrdisch maile&#8230; sami-chlaus@bluewin.ch Bescht\u00e4 Dank!<\/p>\n","protected":false},"author":1,"featured_media":0,"parent":0,"menu_order":0,"comment_status":"closed","ping_status":"closed","template":"","meta":{"footnotes":""},"class_list":["post-418","page","type-page","status-publish","hentry"],"colors":{"color":"ffffff","contrast":"0,0,0","custom":false},"jetpack_sharing_enabled":true,"_links":{"self":[{"href":"https:\/\/chlaus.grill-phil.ch\/index.php?rest_route=\/wp\/v2\/pages\/418","targetHints":{"allow":["GET"]}}],"collection":[{"href":"https:\/\/chlaus.grill-phil.ch\/index.php?rest_route=\/wp\/v2\/pages"}],"about":[{"href":"https:\/\/chlaus.grill-phil.ch\/index.php?rest_route=\/wp\/v2\/types\/page"}],"author":[{"embeddable":true,"href":"https:\/\/chlaus.grill-phil.ch\/index.php?rest_route=\/wp\/v2\/users\/1"}],"replies":[{"embeddable":true,"href":"https:\/\/chlaus.grill-phil.ch\/index.php?rest_route=%2Fwp%2Fv2%2Fcomments&post=418"}],"version-history":[{"count":5,"href":"https:\/\/chlaus.grill-phil.ch\/index.php?rest_route=\/wp\/v2\/pages\/418\/revisions"}],"predecessor-version":[{"id":427,"href":"https:\/\/chlaus.grill-phil.ch\/index.php?rest_route=\/wp\/v2\/pages\/418\/revisions\/427"}],"wp:attachment":[{"href":"https:\/\/chlaus.grill-phil.ch\/index.php?rest_route=%2Fwp%2Fv2%2Fmedia&parent=418"}],"curies":[{"name":"wp","href":"https:\/\/api.w.org\/{rel}","templated":true}]}}