{"id":391,"date":"2020-06-12T17:28:17","date_gmt":"2020-06-12T15:28:17","guid":{"rendered":"https:\/\/chlaus.grill-phil.ch\/?page_id=391"},"modified":"2020-07-22T19:49:33","modified_gmt":"2020-07-22T17:49:33","slug":"gaeschtebuech-2","status":"publish","type":"page","link":"https:\/\/chlaus.grill-phil.ch\/?page_id=391","title":{"rendered":"G\u00e4schtebuech"},"content":{"rendered":"\n<div class=\"gwolle-gb\"><div class=\"gwolle_gb_messages_top_container\"><\/div>\n\t\t\t<div class=\"gwolle-gb-write-button\">\n\t\t\t\t<input type=\"button\" name=\"gwolle-gb-write-button\" class=\"button btn btn-default \" value=\"Neuen Eintrag schreiben\" \/>\n\t\t\t<\/div>\n\t\t\t<form action=\"#\" method=\"POST\" class=\"gwolle-gb-write gwolle-gb-hide gwolle-gb-float gwolle_gb_form_ajax gwolle-gb-form-ajax gwolle-gb-ajax gwolle-gb-not-logged-in\">\n\t\t\t\t<h3>Einen neuen Eintrag f\u00fcr das G\u00e4stebuch schreiben<\/h3>\n\t\t\t\t<button type=\"button\" class=\"gb-notice-dismiss\">x<span class=\"screen-reader-text\">Dieses Formular ausblenden<\/span><\/button>\n\t\t\t\n\t\t\t\t<input type=\"hidden\" name=\"gwolle_gb_function\" class=\"gwolle_gb_function\" value=\"add_entry\" \/><input type=\"hidden\" name=\"gwolle_gb_book_id\" class=\"gwolle_gb_book_id\" value=\"1\" \/><div class=\"gwolle_gb_efa9ae0800f50ca13f521d937efaf588\">\n\t\t\t\t<div class=\"label\"><label for=\"gwolle_gb_efa9ae0800f50ca13f521d937efaf588-1\" class=\"text-info\">Name <span class=\"required\">*<\/span><\/label><\/div>\n\t\t\t\t<div class=\"input\"><input class=\"wp-exclude-emoji gwolle_gb_efa9ae0800f50ca13f521d937efaf588\" value=\"\" type=\"text\" id=\"gwolle_gb_efa9ae0800f50ca13f521d937efaf588-1\" name=\"gwolle_gb_efa9ae0800f50ca13f521d937efaf588\" required \/><\/div>\n\t\t\t\t<div class=\"clearBoth\">&nbsp;<\/div>\n\t\t\t<\/div><div class=\"gwolle_gb_eaf9d80cf962d6fd5a31faca82beb786\">\n\t\t\t\t\t<div class=\"label\"><label for=\"gwolle_gb_eaf9d80cf962d6fd5a31faca82beb786-1\" class=\"text-info\">Stadt<\/label><\/div>\n\t\t\t\t\t<div class=\"input\"><input class=\"wp-exclude-emoji gwolle_gb_eaf9d80cf962d6fd5a31faca82beb786\" value=\"\" type=\"text\" id=\"gwolle_gb_eaf9d80cf962d6fd5a31faca82beb786-1\" name=\"gwolle_gb_eaf9d80cf962d6fd5a31faca82beb786\" \/><\/div>\n\t\t\t\t\t<div class=\"clearBoth\">&nbsp;<\/div>\n\t\t\t\t<\/div><div class=\"gwolle_gb_9faca6334bf010c5c4333f552a1a5cee\">\n\t\t\t\t<div class=\"label\"><label for=\"gwolle_gb_9faca6334bf010c5c4333f552a1a5cee-1\" class=\"text-info\">E-Mail <span class=\"required\">*<\/span><\/label><\/div>\n\t\t\t\t<div class=\"input\"><input class=\"gwolle_gb_9faca6334bf010c5c4333f552a1a5cee\" value=\"\" type=\"email\" id=\"gwolle_gb_9faca6334bf010c5c4333f552a1a5cee-1\" name=\"gwolle_gb_9faca6334bf010c5c4333f552a1a5cee\" required \/><\/div>\n\t\t\t\t<div class=\"clearBoth\">&nbsp;<\/div>\n\t\t\t<\/div><div class=\"gwolle_gb_bf2e948264bc4b018889adfb09a8398a\">\n\t\t\t\t<div class=\"label\"><label for=\"gwolle_gb_bf2e948264bc4b018889adfb09a8398a-1\" class=\"text-info\">Website<\/label><\/div>\n\t\t\t\t<div class=\"input\"><input class=\"gwolle_gb_bf2e948264bc4b018889adfb09a8398a\" value=\"\" type=\"url\" id=\"gwolle_gb_bf2e948264bc4b018889adfb09a8398a-1\" name=\"gwolle_gb_bf2e948264bc4b018889adfb09a8398a\" \/><\/div>\n\t\t\t\t<div class=\"clearBoth\">&nbsp;<\/div>\n\t\t\t<\/div>\n\t\t\t<div class=\"gwolle_gb_fc54aed2241b9a2427ffbfe9644f4936\" style=\"display:none;overflow:hidden;\" hidden=\"true\" aria-hidden=\"true\">\n\t\t\t\t<div class=\"label\">\n\t\t\t\t\t<label for=\"gwolle_gb_fc54aed2241b9a2427ffbfe9644f4936-1\" class=\"text-primary\">Hier nichts eingeben<\/label>\n\t\t\t\t\t<label for=\"gwolle_gb_a818e4cb9df949187f59b220f7a540b8-1\" class=\"text-primary\">Hier nichts eingeben<\/label>\n\t\t\t\t<\/div>\n\t\t\t\t<div class=\"input\">\n\t\t\t\t\t<input value=\"33\" type=\"text\" id=\"gwolle_gb_fc54aed2241b9a2427ffbfe9644f4936-1\" name=\"gwolle_gb_fc54aed2241b9a2427ffbfe9644f4936\" class=\"gwolle_gb_fc54aed2241b9a2427ffbfe9644f4936\" style=\"transform: translateY(10000px);\" \/>\n\t\t\t\t\t<input value=\"\" type=\"text\" name=\"gwolle_gb_a818e4cb9df949187f59b220f7a540b8\" id=\"gwolle_gb_a818e4cb9df949187f59b220f7a540b8-1\" class=\"gwolle_gb_a818e4cb9df949187f59b220f7a540b8\" style=\"transform: translateY(10000px);\" \/>\n\t\t\t\t<\/div>\n\t\t\t\t<div class=\"clearBoth\"><\/div>\n\t\t\t<\/div>\n\t\t\t<div class=\"gwolle_gb_c52cf1b7dc89b1d6b99ac1d90afab840\" style=\"display:none;overflow:hidden;\" hidden=\"true\" aria-hidden=\"true\">\n\t\t\t\t<div class=\"label\">\n\t\t\t\t\t<label for=\"gwolle_gb_c52cf1b7dc89b1d6b99ac1d90afab840-1\" class=\"text-primary\">Hier nichts eingeben<\/label>\n\t\t\t\t\t<label for=\"gwolle_gb_de17b50f8a50cb58d6b38d2286c47e93-1\" class=\"text-primary\">Hier nichts eingeben<\/label>\n\t\t\t\t<\/div>\n\t\t\t\t<div class=\"input\">\n\t\t\t\t\t<input value=\"24415\" type=\"text\" id=\"gwolle_gb_c52cf1b7dc89b1d6b99ac1d90afab840-1\" name=\"gwolle_gb_c52cf1b7dc89b1d6b99ac1d90afab840\" class=\"gwolle_gb_c52cf1b7dc89b1d6b99ac1d90afab840\" style=\"transform: translateY(10000px);\" \/>\n\t\t\t\t\t<input value=\"24415\" type=\"text\"id=\"gwolle_gb_de17b50f8a50cb58d6b38d2286c47e93-1\" name=\"gwolle_gb_de17b50f8a50cb58d6b38d2286c47e93\" class=\"gwolle_gb_de17b50f8a50cb58d6b38d2286c47e93\" style=\"transform: translateY(10000px);\" \/>\n\t\t\t\t<\/div>\n\t\t\t\t<div class=\"clearBoth\"><\/div>\n\t\t\t<\/div><div class=\"gwolle_gb_content\">\n\t\t\t\t<div class=\"label\"><label for=\"gwolle_gb_content-1\" class=\"text-info\">G\u00e4stebucheintrag <span class=\"required\">*<\/span><\/label><\/div>\n\t\t\t\t<div class=\"input\"><textarea id=\"gwolle_gb_content-1\" name=\"gwolle_gb_content\" class=\"gwolle_gb_content wp-exclude-emoji\" required ><\/textarea><\/div>\n\t\t\t\t\t<div class=\"clearBoth\">&nbsp;<\/div>\n\t\t\t\t<\/div><input type=\"hidden\" class=\"gwolle_gb_cf9469fe5f0b929ad02b9f37fa8d4b30\" id=\"gwolle_gb_cf9469fe5f0b929ad02b9f37fa8d4b30-1\" name=\"gwolle_gb_cf9469fe5f0b929ad02b9f37fa8d4b30\" value=\"f397350738\" \/>\n\t\t\t<div class=\"gwolle_gb_messages_bottom_container\"><\/div>\n\n\t\t\t<noscript><div class=\"no-js\">Warnung: Dieses Formular kann nur verwendet werden, wenn in deinem Browser JavaScript aktiviert ist.<\/div><\/noscript>\n\n\t\t\t<div class=\"gwolle_gb_submit\">\n\t\t\t\t<div class=\"label gwolle-gb-invisible text-muted\">&nbsp;<\/div>\n\t\t\t\t<div class=\"input\">\n\t\t\t\t\t<input type=\"submit\" name=\"gwolle_gb_submit\" class=\"gwolle_gb_submit button btn btn-primary \" value=\"Absenden\" \/>\n\t\t\t\t\t<span class=\"gwolle_gb_submit_ajax_icon\"><\/span>\n\t\t\t\n\t\t\t\t<\/div>\n\t\t\t\t<div class=\"clearBoth\">&nbsp;<\/div>\n\t\t\t<\/div>\n\n\t\t\t<div class=\"gwolle_gb_notice\">\n\t\t\t\t<br \/>\nMit * gekennzeichnete Felder sind erforderlich.<br \/>\nDeine E-Mail-Adresse wird nicht ver\u00f6ffentlicht.<br \/>\nEs ist m\u00f6glich, dass dein Eintrag im G\u00e4stebuch erst sichtbar ist, nachdem wir ihn \u00fcberpr\u00fcft haben.<br \/>\nWir behalten uns vor, Eintr\u00e4ge zu bearbeiten, zu l\u00f6schen oder nicht zu ver\u00f6ffentlichen.<br \/>\n\n\t\t\t<\/div><\/form><div class=\"gwolle-gb-read gwolle-gb-ajax gwolle-gb-entries-list\" data-book_id=\"1\" data-page_id=\"1\">\n\t\t<div id=\"gwolle-gb-total\" class=\"gwolle-gb-total\">2 Eintr\u00e4ge<\/div><!-- Gwolle-GB Entry: Default Template Loaded -->\n\t\t\t\t<div class=\"gb-entry gb-entry_3 gb-entry-count_1 gwolle_gb_uneven gwolle-gb-uneven gwolle-gb-first\" id=\"gb-entry_3\" data-entry_id=\"3\">\n\t\t\t\t<article>\n\t\t\t\t\t<div class=\"gb-author-info\">\n\t\t\t\t\t\t<span class=\"gb-author-avatar\"><img referrerpolicy=\"no-referrer\" alt='Martina' src='https:\/\/secure.gravatar.com\/avatar\/0b0aafd2f97642f563d33f174f0d6633847b22e667d7c95fd25b16856d12c624?s=32&#038;d=mm&#038;r=g' srcset='https:\/\/secure.gravatar.com\/avatar\/0b0aafd2f97642f563d33f174f0d6633847b22e667d7c95fd25b16856d12c624?s=64&#038;d=mm&#038;r=g 2x' class='avatar avatar-32 photo' height='32' width='32' \/><\/span>\n\t\t\t\t\t\t<span class=\"gb-author-name\">Martina\n\t\t\t\t\t\t<\/span>\n\t\t\t\t\t\t<span class=\"gb-author-origin\">\n\t\t\t\t\t\t\t<span class=\"gb-author-origin-from-text\"> aus<\/span>\n\t\t\t\t\t\t\t<span class=\"gb-author-origin-text\"> R\u00fcschlikon<\/span>\n\t\t\t\t\t\t<\/span>\n\t\t\t\t\t\t<span class=\"gb-datetime\">\n\t\t\t\t\t\t\t<span class=\"gb-date\"><span class=\"gb-date-wrote-text\"> schrieb am<\/span><span class=\"gb-date-text\"> 19. Dezember 2024<\/span>\n\t\t\t\t\t\t\t<\/span><span class=\"gb-time\">\n\t\t\t\t\t\t\t\t\t<span class=\"gb-time-at-text\"> um<\/span>\n\t\t\t\t\t\t\t\t\t<span class=\"gb-time-text\"> 10:25<\/span>\n\t\t\t\t\t\t\t\t<\/span>\n\t\t\t\t\t\t<\/span> \n\t\t\t\t\t<\/div>\n\t\t\t\t\t<div class=\"gb-entry-content\">Lieber Samichlaus\r\nVielen herzlichen Dank f\u00fcr deinen sch\u00f6nen Besuch bei uns. Du machst das mit so viel Herzblut und hast alles so herzig r\u00fcbergebracht. Vielen Dank daf\u00fcr. Wir freuen uns schon auf deinen n\u00e4chsten Besuch bei uns. Liebe Gr\u00fcsse\n\t\t\t\t\t<\/div>\n\t\t\t\t<\/article>\n\t\t\t<\/div>\n\t\t\t<div class=\"gb-entry gb-entry_2 gb-entry-count_2 gwolle_gb_even gwolle-gb-even\" id=\"gb-entry_2\" data-entry_id=\"2\">\n\t\t\t\t<article>\n\t\t\t\t\t<div class=\"gb-author-info\">\n\t\t\t\t\t\t<span class=\"gb-author-avatar\"><img referrerpolicy=\"no-referrer\" alt='Iria' src='https:\/\/secure.gravatar.com\/avatar\/015bd7bd8eb3004cd10131c413113d18849d4d43e37ede5a9181ae408fc6395c?s=32&#038;d=mm&#038;r=g' srcset='https:\/\/secure.gravatar.com\/avatar\/015bd7bd8eb3004cd10131c413113d18849d4d43e37ede5a9181ae408fc6395c?s=64&#038;d=mm&#038;r=g 2x' class='avatar avatar-32 photo' height='32' width='32' \/><\/span>\n\t\t\t\t\t\t<span class=\"gb-author-name\"><i class=\"gb-moderator\">Iria<\/i>\n\t\t\t\t\t\t<\/span>\n\t\t\t\t\t\t<span class=\"gb-author-origin\">\n\t\t\t\t\t\t\t<span class=\"gb-author-origin-from-text\"> aus<\/span>\n\t\t\t\t\t\t\t<span class=\"gb-author-origin-text\"> R\u00fcschlikon<\/span>\n\t\t\t\t\t\t<\/span>\n\t\t\t\t\t\t<span class=\"gb-datetime\">\n\t\t\t\t\t\t\t<span class=\"gb-date\"><span class=\"gb-date-wrote-text\"> schrieb am<\/span><span class=\"gb-date-text\"> 8. Dezember 2014<\/span>\n\t\t\t\t\t\t\t<\/span><span class=\"gb-time\">\n\t\t\t\t\t\t\t\t\t<span class=\"gb-time-at-text\"> um<\/span>\n\t\t\t\t\t\t\t\t\t<span class=\"gb-time-text\"> 16:24<\/span>\n\t\t\t\t\t\t\t\t<\/span>\n\t\t\t\t\t\t<\/span> \n\t\t\t\t\t<\/div>\n\t\t\t\t\t<div class=\"gb-entry-content\">Lieber Chlaus\r\nDu bist der Chlaus, der mich bisher am meisten beeindruckt hat - du warst lustig, hast alles super r\u00fcbergebracht und warst einfach so, wie man sich den Samichlaus in den M\u00e4rchen vorstellt. Ich hoffe, Du kommst wieder zu mir, meiner Freundin und unseren Schwestern!\r\nLieber Gruss, Iria\n\t\t\t\t\t<\/div>\n\t\t\t\t<\/article>\n\t\t\t<\/div>\n\t\t\t<\/div><\/div>\n","protected":false},"excerpt":{"rendered":"","protected":false},"author":1,"featured_media":0,"parent":0,"menu_order":0,"comment_status":"closed","ping_status":"closed","template":"","meta":{"footnotes":""},"class_list":["post-391","page","type-page","status-publish","hentry"],"colors":{"color":"ffffff","contrast":"0,0,0","custom":false},"jetpack_sharing_enabled":true,"_links":{"self":[{"href":"https:\/\/chlaus.grill-phil.ch\/index.php?rest_route=\/wp\/v2\/pages\/391","targetHints":{"allow":["GET"]}}],"collection":[{"href":"https:\/\/chlaus.grill-phil.ch\/index.php?rest_route=\/wp\/v2\/pages"}],"about":[{"href":"https:\/\/chlaus.grill-phil.ch\/index.php?rest_route=\/wp\/v2\/types\/page"}],"author":[{"embeddable":true,"href":"https:\/\/chlaus.grill-phil.ch\/index.php?rest_route=\/wp\/v2\/users\/1"}],"replies":[{"embeddable":true,"href":"https:\/\/chlaus.grill-phil.ch\/index.php?rest_route=%2Fwp%2Fv2%2Fcomments&post=391"}],"version-history":[{"count":4,"href":"https:\/\/chlaus.grill-phil.ch\/index.php?rest_route=\/wp\/v2\/pages\/391\/revisions"}],"predecessor-version":[{"id":400,"href":"https:\/\/chlaus.grill-phil.ch\/index.php?rest_route=\/wp\/v2\/pages\/391\/revisions\/400"}],"wp:attachment":[{"href":"https:\/\/chlaus.grill-phil.ch\/index.php?rest_route=%2Fwp%2Fv2%2Fmedia&parent=391"}],"curies":[{"name":"wp","href":"https:\/\/api.w.org\/{rel}","templated":true}]}}