{"id":383,"date":"2020-10-16T16:34:52","date_gmt":"2020-10-16T14:34:52","guid":{"rendered":"https:\/\/chlaus.grill-phil.ch\/?page_id=383"},"modified":"2025-10-31T08:40:32","modified_gmt":"2025-10-31T06:40:32","slug":"chlaus-termine-2020","status":"publish","type":"page","link":"https:\/\/chlaus.grill-phil.ch\/?page_id=383","title":{"rendered":"Termine 2025"},"content":{"rendered":"\n<p class=\"has-white-color has-cyan-bluish-gray-background-color has-text-color has-background\">Sollte Dein Wunschtermin nicht aufgef\u00fchrt sein&#8230; einfach anfragen ob er auch m\u00f6glich ist!<\/p>\n\n\n\n<figure class=\"wp-block-table\"><table class=\"has-white-color has-cyan-bluish-gray-background-color has-text-color has-background has-fixed-layout\"><thead><tr><th class=\"has-text-align-left\" data-align=\"left\">Mittwoch 19.11.2025<\/th><th>Ort<\/th><\/tr><\/thead><tbody><tr><td class=\"has-text-align-left\" data-align=\"left\">   17.00 &#8211; 21.00<\/td><td>Weihnachtsausstellung<br>G\u00e4rtnerei Eichenberger Oberrieden def.<\/td><\/tr><\/tbody><\/table><\/figure>\n\n\n\n<figure class=\"wp-block-table\"><table class=\"has-white-color has-cyan-bluish-gray-background-color has-text-color has-background has-fixed-layout\"><thead><tr><th class=\"has-text-align-left\" data-align=\"left\">Samstag 29.11.2025<\/th><th>Ort<\/th><\/tr><\/thead><tbody><tr><td class=\"has-text-align-left\" data-align=\"left\">   14.00 &#8211; 17.00<\/td><td>Wollishofer Weihnachtsmarkt def.<\/td><\/tr><tr><td class=\"has-text-align-left\" data-align=\"left\">   17.45 &#8211; 18.15<\/td><td>blockiert<\/td><\/tr><tr><td class=\"has-text-align-left\" data-align=\"left\">   18.30 &#8211; 19.00<\/td><td>blockiert<\/td><\/tr><tr><td class=\"has-text-align-left\" data-align=\"left\">   19.15 &#8211; 19.45<\/td><td>blockiert<\/td><\/tr><tr><td class=\"has-text-align-left\" data-align=\"left\">   20.00 &#8211; 20.30<\/td><td>blockiert<\/td><\/tr><tr><td class=\"has-text-align-left\" data-align=\"left\">   20.45 &#8211; 21.15<\/td><td>blockiert<\/td><\/tr><\/tbody><\/table><\/figure>\n\n\n\n<figure class=\"wp-block-table\"><table class=\"has-white-color has-cyan-bluish-gray-background-color has-text-color has-background has-fixed-layout\"><thead><tr><th class=\"has-text-align-left\" data-align=\"left\">Sonntag 30.11.2025<\/th><th>Ort<\/th><\/tr><\/thead><tbody><tr><td class=\"has-text-align-left\" data-align=\"left\">   14.00 &#8211; 16.00<\/td><td>Wollishofer Weihnachtsmarkt def.<\/td><\/tr><tr><td class=\"has-text-align-left\" data-align=\"left\">   17.00 &#8211; 17.30<\/td><td>blockiert<\/td><\/tr><tr><td class=\"has-text-align-left\" data-align=\"left\">   17.45 &#8211; 18.15<\/td><td>blockiert<\/td><\/tr><tr><td class=\"has-text-align-left\" data-align=\"left\">   18.30 &#8211; 19.00<\/td><td>blockiert<\/td><\/tr><tr><td class=\"has-text-align-left\" data-align=\"left\">   19.15 &#8211; 19.45<\/td><td>blockiert<\/td><\/tr><tr><td class=\"has-text-align-left\" data-align=\"left\">   20.00 &#8211; 20.30<\/td><td>blockiert<\/td><\/tr><tr><td class=\"has-text-align-left\" data-align=\"left\">   20.45 &#8211; 21.15<\/td><td>blockiert<\/td><\/tr><\/tbody><\/table><\/figure>\n\n\n\n<figure class=\"wp-block-table\"><table class=\"has-white-color has-cyan-bluish-gray-background-color has-text-color has-background has-fixed-layout\"><thead><tr><th class=\"has-text-align-left\" data-align=\"left\">Montag 01.12.2025<\/th><th>Ort<\/th><\/tr><\/thead><tbody><tr><td class=\"has-text-align-left\" data-align=\"left\">   08.45 &#8211; 09.30<\/td><td><\/td><\/tr><tr><td class=\"has-text-align-left\" data-align=\"left\">   09.45 &#8211; 10.30<\/td><td><\/td><\/tr><tr><td class=\"has-text-align-left\" data-align=\"left\">   10.40 &#8211; 11.00  <\/td><td><\/td><\/tr><tr><td class=\"has-text-align-left\" data-align=\"left\">   11.10 &#8211; 11.30<\/td><td><\/td><\/tr><tr><td class=\"has-text-align-left\" data-align=\"left\">   12.30 &#8211; 13.00<\/td><td><\/td><\/tr><tr><td class=\"has-text-align-left\" data-align=\"left\">   13.15 &#8211; 13.45<\/td><td><\/td><\/tr><tr><td class=\"has-text-align-left\" data-align=\"left\">   14.00 &#8211; 14.30<\/td><td><\/td><\/tr><tr><td class=\"has-text-align-left\" data-align=\"left\">   14.45 &#8211; 15.15<\/td><td><\/td><\/tr><tr><td class=\"has-text-align-left\" data-align=\"left\">   15.30 &#8211; 16.00<\/td><td><\/td><\/tr><tr><td class=\"has-text-align-left\" data-align=\"left\">   16.15 &#8211; 16.45<\/td><td><\/td><\/tr><tr><td class=\"has-text-align-left\" data-align=\"left\">   17.00 &#8211; 17.30<\/td><td><\/td><\/tr><tr><td class=\"has-text-align-left\" data-align=\"left\">   17.45 &#8211; 18.15<\/td><td><\/td><\/tr><tr><td class=\"has-text-align-left\" data-align=\"left\">   18.30 &#8211; 19.00<\/td><td><\/td><\/tr><tr><td class=\"has-text-align-left\" data-align=\"left\">   19.15 &#8211; 19.45<\/td><td><\/td><\/tr><tr><td class=\"has-text-align-left\" data-align=\"left\">   20.00 &#8211; 20.30<\/td><td><\/td><\/tr><tr><td class=\"has-text-align-left\" data-align=\"left\">   20.45 &#8211; 21.15<\/td><td><\/td><\/tr><tr><td class=\"has-text-align-left\" data-align=\"left\">   21.30 &#8211; 22.00<\/td><td>&nbsp;<\/td><\/tr><tr><td class=\"has-text-align-left\" data-align=\"left\">   22.15 &#8211; 22.45<\/td><td>&nbsp;<\/td><\/tr><tr><td class=\"has-text-align-left\" data-align=\"left\">   23.00 &#8211; 23.30<\/td><td>&nbsp;<\/td><\/tr><\/tbody><\/table><\/figure>\n\n\n\n<figure class=\"wp-block-table\"><table class=\"has-white-color has-cyan-bluish-gray-background-color has-text-color has-background has-fixed-layout\"><thead><tr><th class=\"has-text-align-left\" data-align=\"left\">Dienstag 02.12.2025<\/th><th>Ort<\/th><\/tr><\/thead><tbody><tr><td class=\"has-text-align-left\" data-align=\"left\">   08.45 &#8211; 09.30<\/td><td><\/td><\/tr><tr><td class=\"has-text-align-left\" data-align=\"left\">   09.45 &#8211; 10.30<\/td><td><\/td><\/tr><tr><td class=\"has-text-align-left\" data-align=\"left\">   10.45 &#8211; 11.30<\/td><td><\/td><\/tr><tr><td class=\"has-text-align-left\" data-align=\"left\">   11.45 &#8211; 12.15<\/td><td><\/td><\/tr><tr><td class=\"has-text-align-left\" data-align=\"left\">   12.30 &#8211; 13.00<\/td><td><\/td><\/tr><tr><td class=\"has-text-align-left\" data-align=\"left\">   13.15 &#8211; 13.45<\/td><td><\/td><\/tr><tr><td class=\"has-text-align-left\" data-align=\"left\">   14.00 &#8211; 14.30<\/td><td><\/td><\/tr><tr><td class=\"has-text-align-left\" data-align=\"left\">   14.45 &#8211; 15.15<\/td><td><\/td><\/tr><tr><td class=\"has-text-align-left\" data-align=\"left\">   15.30 &#8211; 16.00<\/td><td><\/td><\/tr><tr><td class=\"has-text-align-left\" data-align=\"left\">   16.15 &#8211; 16.45<\/td><td><\/td><\/tr><tr><td class=\"has-text-align-left\" data-align=\"left\">   17.00 &#8211; 17.30<\/td><td><\/td><\/tr><tr><td class=\"has-text-align-left\" data-align=\"left\">   17.45 &#8211; 18.15<\/td><td><\/td><\/tr><tr><td class=\"has-text-align-left\" data-align=\"left\">   18.30 &#8211; 19.00<\/td><td><\/td><\/tr><tr><td class=\"has-text-align-left\" data-align=\"left\">   19.15 &#8211; 19.45<\/td><td><\/td><\/tr><tr><td class=\"has-text-align-left\" data-align=\"left\">   20.00 &#8211; 20.30<\/td><td><\/td><\/tr><tr><td class=\"has-text-align-left\" data-align=\"left\">   20.45 &#8211; 21.15<\/td><td><\/td><\/tr><tr><td class=\"has-text-align-left\" data-align=\"left\">   21.30 &#8211; 22.00<\/td><td>&nbsp;<\/td><\/tr><tr><td class=\"has-text-align-left\" data-align=\"left\">   22.15 &#8211; 22.45<\/td><td>&nbsp;<\/td><\/tr><tr><td class=\"has-text-align-left\" data-align=\"left\">   23.00 &#8211; 23.30<\/td><td>&nbsp;<\/td><\/tr><\/tbody><\/table><\/figure>\n\n\n\n<figure class=\"wp-block-table\"><table class=\"has-white-color has-cyan-bluish-gray-background-color has-text-color has-background has-fixed-layout\"><thead><tr><th class=\"has-text-align-left\" data-align=\"left\">Mittwoch 03.12.2025<\/th><th>Ort<\/th><\/tr><\/thead><tbody><tr><td class=\"has-text-align-left\" data-align=\"left\">08.00 &#8211; 12.00<\/td><td>R\u00fcschlikon def.<\/td><\/tr><tr><td class=\"has-text-align-left\" data-align=\"left\"><\/td><td>Pause<\/td><\/tr><tr><td class=\"has-text-align-left\" data-align=\"left\">   13.15 &#8211; 13.45<\/td><td><\/td><\/tr><tr><td class=\"has-text-align-left\" data-align=\"left\">   14.00 &#8211; 14.30<\/td><td><\/td><\/tr><tr><td class=\"has-text-align-left\" data-align=\"left\">   14.45 &#8211; 15.15<\/td><td><\/td><\/tr><tr><td class=\"has-text-align-left\" data-align=\"left\">   15.30 &#8211; 16.00<\/td><td><\/td><\/tr><tr><td class=\"has-text-align-left\" data-align=\"left\">16.15 &#8211; 16.45<\/td><td><\/td><\/tr><tr><td class=\"has-text-align-left\" data-align=\"left\">   17.00 &#8211; 17.30<\/td><td><\/td><\/tr><tr><td class=\"has-text-align-left\" data-align=\"left\">   17.45 &#8211; 18.15<\/td><td>Thalwil def.<\/td><\/tr><tr><td class=\"has-text-align-left\" data-align=\"left\">   18.30 &#8211; 19.00<\/td><td>R\u00fcschlikon\/Thalwil def.<\/td><\/tr><tr><td class=\"has-text-align-left\" data-align=\"left\">   19.15 &#8211; 19.45<\/td><td><\/td><\/tr><tr><td class=\"has-text-align-left\" data-align=\"left\">   20.00 &#8211; 20.30<\/td><td><\/td><\/tr><tr><td class=\"has-text-align-left\" data-align=\"left\">   20.45 &#8211; 21.15<\/td><td><\/td><\/tr><tr><td class=\"has-text-align-left\" data-align=\"left\">   21.30 &#8211; 22.00<\/td><td><\/td><\/tr><\/tbody><\/table><\/figure>\n\n\n\n<figure class=\"wp-block-table\"><table class=\"has-white-color has-cyan-bluish-gray-background-color has-text-color has-background has-fixed-layout\"><thead><tr><th class=\"has-text-align-left\" data-align=\"left\">Donnerstag 04.12.2025<\/th><th>Ort<\/th><\/tr><\/thead><tbody><tr><td class=\"has-text-align-left\" data-align=\"left\">08.45 &#8211; 09.45<\/td><td>Horgenberg, def.<\/td><\/tr><tr><td class=\"has-text-align-left\" data-align=\"left\">10.15 &#8211; 11.15<\/td><td>Thalwil, def.<\/td><\/tr><tr><td class=\"has-text-align-left\" data-align=\"left\">11.30 &#8211; 12.15<\/td><td>R\u00fcschlikon def.<\/td><\/tr><tr><td class=\"has-text-align-left\" data-align=\"left\"><\/td><td>Pause<\/td><\/tr><tr><td class=\"has-text-align-left\" data-align=\"left\">   14.00 &#8211; 14.30<\/td><td><\/td><\/tr><tr><td class=\"has-text-align-left\" data-align=\"left\">   14.45 &#8211; 15.15<\/td><td><\/td><\/tr><tr><td class=\"has-text-align-left\" data-align=\"left\">   15.30 &#8211; 16.00<\/td><td><\/td><\/tr><tr><td class=\"has-text-align-left\" data-align=\"left\">   16.15 &#8211; 16.45<\/td><td><\/td><\/tr><tr><td class=\"has-text-align-left\" data-align=\"left\">   17.00 &#8211; 17.30<\/td><td>blockiert<\/td><\/tr><tr><td class=\"has-text-align-left\" data-align=\"left\">   17.45 &#8211; 18.15<\/td><td>blockiert<\/td><\/tr><tr><td class=\"has-text-align-left\" data-align=\"left\">   18.30 &#8211; 19.00<\/td><td>blockiert<\/td><\/tr><tr><td class=\"has-text-align-left\" data-align=\"left\">   19.15 &#8211; 19.45<\/td><td>blockiert<\/td><\/tr><tr><td class=\"has-text-align-left\" data-align=\"left\">   20.00 &#8211; 20.30<\/td><td>blockiert<\/td><\/tr><tr><td class=\"has-text-align-left\" data-align=\"left\">   20.45 &#8211; 21.15<\/td><td>blockiert<\/td><\/tr><tr><td class=\"has-text-align-left\" data-align=\"left\">   21.30 &#8211; 22.00<\/td><td>blockiert<\/td><\/tr><tr><td class=\"has-text-align-left\" data-align=\"left\">   22.15 &#8211; 22.45<\/td><td>blockiert<\/td><\/tr><tr><td class=\"has-text-align-left\" data-align=\"left\">   23.00 &#8211; 23.30<\/td><td>blockiert<\/td><\/tr><\/tbody><\/table><\/figure>\n\n\n\n<figure class=\"wp-block-table\"><table class=\"has-white-color has-cyan-bluish-gray-background-color has-text-color has-background has-fixed-layout\"><thead><tr><th class=\"has-text-align-left\" data-align=\"left\">Freitag 05.12.2025<\/th><th>Ort<\/th><\/tr><\/thead><tbody><tr><td class=\"has-text-align-left\" data-align=\"left\">   08.20 &#8211; 10.15<\/td><td>Horgen Arn def.<\/td><\/tr><tr><td class=\"has-text-align-left\" data-align=\"left\">10.30 &#8211; 11.15<\/td><td>Horgen T\u00f6di def.<\/td><\/tr><tr><td class=\"has-text-align-left\" data-align=\"left\"><\/td><td>Pause<\/td><\/tr><tr><td class=\"has-text-align-left\" data-align=\"left\">   13.15 &#8211; 13.45<\/td><td><\/td><\/tr><tr><td class=\"has-text-align-left\" data-align=\"left\">   14.00 &#8211; 14.30<\/td><td><\/td><\/tr><tr><td class=\"has-text-align-left\" data-align=\"left\">   14.45 &#8211; 15.15<\/td><td>Horgen def.<\/td><\/tr><tr><td class=\"has-text-align-left\" data-align=\"left\">   15.30 &#8211; 16.00<\/td><td>Horgen def.<\/td><\/tr><tr><td class=\"has-text-align-left\" data-align=\"left\">   16.15 &#8211; 16.45<\/td><td>Thalwil, prov.<\/td><\/tr><tr><td class=\"has-text-align-left\" data-align=\"left\">   17.00 &#8211; 17.30<\/td><td>R\u00fcschlikon, def.<\/td><\/tr><tr><td class=\"has-text-align-left\" data-align=\"left\">   17.45 &#8211; 18.15<\/td><td>Hirzel, def.<\/td><\/tr><tr><td class=\"has-text-align-left\" data-align=\"left\">   18.30 &#8211; 19.00<\/td><td>Hirzel, def.<\/td><\/tr><tr><td class=\"has-text-align-left\" data-align=\"left\">   19.15 &#8211; 19.45<\/td><td>Thalwil, def.<\/td><\/tr><tr><td class=\"has-text-align-left\" data-align=\"left\">   20.00 &#8211; 20.30<\/td><td>R\u00fcschlikon, def.<\/td><\/tr><tr><td class=\"has-text-align-left\" data-align=\"left\">   20.45 &#8211; 21.15<\/td><td>R\u00fcschlikon, def.<\/td><\/tr><tr><td class=\"has-text-align-left\" data-align=\"left\">   21.30 &#8211; 22.00<\/td><td><\/td><\/tr><tr><td class=\"has-text-align-left\" data-align=\"left\">   22.15 &#8211; 22.45<\/td><td><\/td><\/tr><tr><td class=\"has-text-align-left\" data-align=\"left\">   23.00 &#8211; 23.30<\/td><td><\/td><\/tr><\/tbody><\/table><\/figure>\n\n\n\n<figure class=\"wp-block-table\"><table class=\"has-white-color has-cyan-bluish-gray-background-color has-text-color has-background has-fixed-layout\"><thead><tr><th class=\"has-text-align-left\" data-align=\"left\">Samstag 06.12.2025<\/th><th>Ort<\/th><\/tr><\/thead><tbody><tr><td class=\"has-text-align-left\" data-align=\"left\">   08.00 &#8211; 08.30<\/td><td><\/td><\/tr><tr><td class=\"has-text-align-left\" data-align=\"left\">   08.45 &#8211; 09.15<\/td><td><\/td><\/tr><tr><td class=\"has-text-align-left\" data-align=\"left\">   09.30 &#8211; 10.00<\/td><td><\/td><\/tr><tr><td class=\"has-text-align-left\" data-align=\"left\">   10.15 &#8211; 10.45<\/td><td><\/td><\/tr><tr><td class=\"has-text-align-left\" data-align=\"left\">   11.00 &#8211; 11.30   <\/td><td><\/td><\/tr><tr><td class=\"has-text-align-left\" data-align=\"left\">   11.45 &#8211; 12.15<\/td><td><\/td><\/tr><tr><td class=\"has-text-align-left\" data-align=\"left\">   12.30 &#8211; 13.00<\/td><td><\/td><\/tr><tr><td class=\"has-text-align-left\" data-align=\"left\">   13.15 &#8211; 13.45<\/td><td><\/td><\/tr><tr><td class=\"has-text-align-left\" data-align=\"left\">   14.00 &#8211; 14.30<\/td><td><\/td><\/tr><tr><td class=\"has-text-align-left\" data-align=\"left\">   14.45 &#8211; 15.15<\/td><td>R\u00fcschlikon, def.<\/td><\/tr><tr><td class=\"has-text-align-left\" data-align=\"left\">   15.30 &#8211; 16.00<\/td><td>R\u00fcschlikon, def.<\/td><\/tr><tr><td class=\"has-text-align-left\" data-align=\"left\">   16.15 &#8211; 16.45<\/td><td>Horgen def.<\/td><\/tr><tr><td class=\"has-text-align-left\" data-align=\"left\">   17.00 &#8211; 17.30<\/td><td>Horgen def.<\/td><\/tr><tr><td class=\"has-text-align-left\" data-align=\"left\">   17.45 &#8211; 18.15<\/td><td>Horgen def.<\/td><\/tr><tr><td class=\"has-text-align-left\" data-align=\"left\">   18.30 &#8211; 19.00<\/td><td>Adliswil def.<\/td><\/tr><tr><td class=\"has-text-align-left\" data-align=\"left\">   19.15 &#8211; 19.45<\/td><td>Kilchberg, def.<\/td><\/tr><tr><td class=\"has-text-align-left\" data-align=\"left\">   20.00 &#8211; 20.30<\/td><td>Thalwil, def.<\/td><\/tr><tr><td class=\"has-text-align-left\" data-align=\"left\">   20.45 &#8211; 21.15<\/td><td>Hirzel, def.<\/td><\/tr><tr><td class=\"has-text-align-left\" data-align=\"left\">   21.30 &#8211; 22.00<\/td><td>Hirzel, prov.<\/td><\/tr><tr><td class=\"has-text-align-left\" data-align=\"left\">   22.15 &#8211; 22.45<\/td><td>Horgen def.<\/td><\/tr><tr><td class=\"has-text-align-left\" data-align=\"left\">   23.00 &#8211; 23.30<\/td><td><\/td><\/tr><\/tbody><\/table><\/figure>\n\n\n\n<p><\/p>\n\n\n\n<figure class=\"wp-block-table\"><table class=\"has-white-color has-cyan-bluish-gray-background-color has-text-color has-background has-fixed-layout\"><thead><tr><th class=\"has-text-align-left\" data-align=\"left\">Sonntag 07.12.2025<\/th><th>Ort<\/th><\/tr><\/thead><tbody><tr><td class=\"has-text-align-left\" data-align=\"left\">   08.00 &#8211; 08.30<\/td><td><\/td><\/tr><tr><td class=\"has-text-align-left\" data-align=\"left\">   08.45 &#8211; 09.15<\/td><td><\/td><\/tr><tr><td class=\"has-text-align-left\" data-align=\"left\">   09.30 &#8211; 10.00<\/td><td><\/td><\/tr><tr><td class=\"has-text-align-left\" data-align=\"left\">   10.15 &#8211; 10.45<\/td><td><\/td><\/tr><tr><td class=\"has-text-align-left\" data-align=\"left\">   11.00 &#8211; 11.30   <\/td><td><\/td><\/tr><tr><td class=\"has-text-align-left\" data-align=\"left\">   11.45 &#8211; 12.15<\/td><td><\/td><\/tr><tr><td class=\"has-text-align-left\" data-align=\"left\">   12.30 &#8211; 13.00<\/td><td><\/td><\/tr><tr><td class=\"has-text-align-left\" data-align=\"left\">   13.15 &#8211; 13.45<\/td><td><\/td><\/tr><tr><td class=\"has-text-align-left\" data-align=\"left\">   14.00 &#8211; 14.30<\/td><td><\/td><\/tr><tr><td class=\"has-text-align-left\" data-align=\"left\">   14.45 &#8211; 15.15<\/td><td>Hizrel def.<\/td><\/tr><tr><td class=\"has-text-align-left\" data-align=\"left\">   15.30 &#8211; 16.00<\/td><td>Oberrieden, prov.<\/td><\/tr><tr><td class=\"has-text-align-left\" data-align=\"left\">   16.15 &#8211; 16.45<\/td><td>Kilchberg, def.<\/td><\/tr><tr><td class=\"has-text-align-left\" data-align=\"left\">   17.00 &#8211; 17.30<\/td><td>Horgen, def.<\/td><\/tr><tr><td class=\"has-text-align-left\" data-align=\"left\">   17.45 &#8211; 18.15<\/td><td>R\u00fcschlikon def.<\/td><\/tr><tr><td class=\"has-text-align-left\" data-align=\"left\">   18.30 &#8211; 19.00<\/td><td>Langnau\/Thalwil def.<\/td><\/tr><tr><td class=\"has-text-align-left\" data-align=\"left\">   19.15 &#8211; 19.45<\/td><td>ZH-Enge, def.<\/td><\/tr><tr><td class=\"has-text-align-left\" data-align=\"left\">   20.00 &#8211; 20.30<\/td><td>ZH-Enge\/Horgen def.<\/td><\/tr><tr><td class=\"has-text-align-left\" data-align=\"left\">   20.45 &#8211; 21.15<\/td><td>Horgen def.<\/td><\/tr><tr><td class=\"has-text-align-left\" data-align=\"left\">   21.30 &#8211; 22.00<\/td><td><\/td><\/tr><tr><td class=\"has-text-align-left\" data-align=\"left\">   22.15 &#8211; 22.45<\/td><td><\/td><\/tr><tr><td class=\"has-text-align-left\" data-align=\"left\">   23.00 &#8211; 23.30<\/td><td><\/td><\/tr><\/tbody><\/table><\/figure>\n\n\n\n<figure class=\"wp-block-table\"><table class=\"has-white-color has-cyan-bluish-gray-background-color has-text-color has-background has-fixed-layout\"><thead><tr><th class=\"has-text-align-left\" data-align=\"left\">Montag 08.12.2025<\/th><th>Ort<\/th><\/tr><\/thead><tbody><tr><td class=\"has-text-align-left\" data-align=\"left\"><\/td><td><\/td><\/tr><tr><td class=\"has-text-align-left\" data-align=\"left\">09.15 &#8211; 10.15<\/td><td>Gattikon, def.<\/td><\/tr><tr><td class=\"has-text-align-left\" data-align=\"left\"><\/td><td><\/td><\/tr><tr><td class=\"has-text-align-left\" data-align=\"left\">   10.15 &#8211; 10.45<\/td><td><\/td><\/tr><tr><td class=\"has-text-align-left\" data-align=\"left\">   11.00 &#8211; 11.30   <\/td><td><\/td><\/tr><tr><td class=\"has-text-align-left\" data-align=\"left\">   11.45 &#8211; 12.15<\/td><td><\/td><\/tr><tr><td class=\"has-text-align-left\" data-align=\"left\">   12.30 &#8211; 13.00<\/td><td><\/td><\/tr><tr><td class=\"has-text-align-left\" data-align=\"left\">   13.15 &#8211; 13.45<\/td><td><\/td><\/tr><tr><td class=\"has-text-align-left\" data-align=\"left\">   14.00 &#8211; 14.30<\/td><td><\/td><\/tr><tr><td class=\"has-text-align-left\" data-align=\"left\">   14.45 &#8211; 15.15<\/td><td><\/td><\/tr><tr><td class=\"has-text-align-left\" data-align=\"left\">   15.30 &#8211; 16.00<\/td><td><\/td><\/tr><tr><td class=\"has-text-align-left\" data-align=\"left\">   16.15 &#8211; 16.45<\/td><td><\/td><\/tr><tr><td class=\"has-text-align-left\" data-align=\"left\">   17.00 &#8211; 17.30<\/td><td><\/td><\/tr><tr><td class=\"has-text-align-left\" data-align=\"left\">   17.45 &#8211; 18.15<\/td><td><\/td><\/tr><tr><td class=\"has-text-align-left\" data-align=\"left\">   18.30 &#8211; 19.00<\/td><td><\/td><\/tr><tr><td class=\"has-text-align-left\" data-align=\"left\">   19.15 &#8211; 19.45<\/td><td><\/td><\/tr><tr><td class=\"has-text-align-left\" data-align=\"left\">   20.00 &#8211; 20.30<\/td><td><\/td><\/tr><tr><td class=\"has-text-align-left\" data-align=\"left\">   20.45 &#8211; 21.15<\/td><td><\/td><\/tr><tr><td class=\"has-text-align-left\" data-align=\"left\">   21.30 &#8211; 22.00<\/td><td><\/td><\/tr><tr><td class=\"has-text-align-left\" data-align=\"left\">   22.15 &#8211; 22.45<\/td><td><\/td><\/tr><tr><td class=\"has-text-align-left\" data-align=\"left\">   23.00 &#8211; 23.30<\/td><td><\/td><\/tr><\/tbody><\/table><\/figure>\n","protected":false},"excerpt":{"rendered":"<p>Sollte Dein Wunschtermin nicht aufgef\u00fchrt sein&#8230; einfach anfragen ob er auch m\u00f6glich ist! Mittwoch 19.11.2025 Ort 17.00 &#8211; 21.00 WeihnachtsausstellungG\u00e4rtnerei Eichenberger Oberrieden def. Samstag 29.11.2025 Ort 14.00 &#8211; 17.00 Wollishofer Weihnachtsmarkt def. 17.45 &#8211; 18.15 blockiert 18.30 &#8211; 19.00 blockiert 19.15 &#8211; 19.45 blockiert 20.00 &#8211; 20.30 blockiert 20.45 &#8211; 21.15 blockiert Sonntag 30.11.2025 Ort &hellip; <\/p>\n<p class=\"link-more\"><a href=\"https:\/\/chlaus.grill-phil.ch\/?page_id=383\" class=\"more-link\"><span class=\"screen-reader-text\">\u201eTermine 2025\u201c<\/span> weiterlesen<\/a><\/p>\n","protected":false},"author":1,"featured_media":0,"parent":0,"menu_order":0,"comment_status":"closed","ping_status":"closed","template":"","meta":{"footnotes":""},"class_list":["post-383","page","type-page","status-publish","hentry"],"colors":{"color":"ffffff","contrast":"0,0,0","custom":false},"jetpack_sharing_enabled":true,"_links":{"self":[{"href":"https:\/\/chlaus.grill-phil.ch\/index.php?rest_route=\/wp\/v2\/pages\/383","targetHints":{"allow":["GET"]}}],"collection":[{"href":"https:\/\/chlaus.grill-phil.ch\/index.php?rest_route=\/wp\/v2\/pages"}],"about":[{"href":"https:\/\/chlaus.grill-phil.ch\/index.php?rest_route=\/wp\/v2\/types\/page"}],"author":[{"embeddable":true,"href":"https:\/\/chlaus.grill-phil.ch\/index.php?rest_route=\/wp\/v2\/users\/1"}],"replies":[{"embeddable":true,"href":"https:\/\/chlaus.grill-phil.ch\/index.php?rest_route=%2Fwp%2Fv2%2Fcomments&post=383"}],"version-history":[{"count":121,"href":"https:\/\/chlaus.grill-phil.ch\/index.php?rest_route=\/wp\/v2\/pages\/383\/revisions"}],"predecessor-version":[{"id":642,"href":"https:\/\/chlaus.grill-phil.ch\/index.php?rest_route=\/wp\/v2\/pages\/383\/revisions\/642"}],"wp:attachment":[{"href":"https:\/\/chlaus.grill-phil.ch\/index.php?rest_route=%2Fwp%2Fv2%2Fmedia&parent=383"}],"curies":[{"name":"wp","href":"https:\/\/api.w.org\/{rel}","templated":true}]}}